ors of 65085.
3, 5, 4339
What are the prime factors of 2418?
2, 3, 13, 31
What are the prime factors of 12964?
2, 7, 463
List the prime factors of 29130.
2, 3, 5, 971
What are the prime factors of 565?
5, 113
What are the prime factors of 2227?
17, 131
What are the prime factors of 73251?
3, 2713
List the prime factors of 1063.
1063
What are the prime factors of 859?
859
List the prime factors of 5161.
13, 397
What are the prime factors of 7809?
3, 19, 137
List the prime factors of 22545.
3, 5, 167
What are the prime factors of 4398?
2, 3, 733
What are the prime factors of 1216?
2, 19
What are the prime factors of 14096?
2, 881
List the prime factors of 5401.
11, 491
What are the prime factors of 3905?
5, 11, 71
List the prime factors of 19549.
113, 173
What are the prime factors of 40797?
3, 1511
What are the prime factors of 72063?
3, 17, 157
What are the prime factors of 1313?
13, 101
List the prime factors of 13986.
2, 3, 7, 37
List the prime factors of 14001.
3, 13, 359
What are the prime factors of 23871?
3, 73, 109
What are the prime factors of 15132?
2, 3, 13, 97
List the prime factors of 70080.
2, 3, 5, 73
List the prime factors of 322.
2, 7, 23
List the prime factors of 33938.
2, 71, 239
What are the prime factors of 9404?
2, 2351
List the prime factors of 7297.
7297
What are the prime factors of 1494?
2, 3, 83
What are the prime factors of 1837?
11, 167
List the prime factors of 1610.
2, 5, 7, 23
What are the prime factors of 793?
13, 61
What are the prime factors of 1922?
2, 31
List the prime factors of 4761.
3, 23
List the prime factors of 1320.
2, 3, 5, 11
List the prime factors of 3754.
2, 1877
What are the prime factors of 356?
2, 89
What are the prime factors of 2102?
2, 1051
What are the prime factors of 1507?
11, 137
List the prime factors of 1356.
2, 3, 113
What are the prime factors of 32322?
2, 3, 5387
What are the prime factors of 576?
2, 3
What are the prime factors of 11875?
5, 19
List the prime factors of 10650.
2, 3, 5, 71
List the prime factors of 48620.
2, 5, 11, 13, 17
List the prime factors of 12221.
11, 101
List the prime factors of 1261.
13, 97
What are the prime factors of 984?
2, 3, 41
What are the prime factors of 85?
5, 17
What are the prime factors of 1801?
1801
What are the prime factors of 1509?
3, 503
What are the prime factors of 14548?
2, 3637
What are the prime factors of 802?
2, 401
What are the prime factors of 33065?
5, 17, 389
List the prime factors of 68035.
5, 11, 1237
List the prime factors of 7528.
2, 941
List the prime factors of 23588.
2, 5897
List the prime factors of 9015.
3, 5, 601
List the prime factors of 26359.
43, 613
What are the prime factors of 58806?
2, 3, 11
List the prime factors of 17740.
2, 5, 887
List the prime factors of 28418.
2, 13, 1093
List the prime factors of 5210.
2, 5, 521
List the prime factors of 56373.
3, 19, 23, 43
List the prime factors of 39411.
3, 29, 151
List the prime factors of 5281.
5281
What are the prime factors of 420?
2, 3, 5, 7
List the prime factors of 53331.
3, 29, 613
List the prime factors of 68.
2, 17
What are the prime factors of 734?
2, 367
What are the prime factors of 12305?
5, 23, 107
What are the prime factors of 3841?
23, 167
List the prime factors of 906.
2, 3, 151
What are the prime factors of 71344?
2, 7, 13
List the prime factors of 2289.
3, 7, 109
What are the prime factors of 33228?
2, 3, 13, 71
List the prime factors of 83.
83
List the prime factors of 11283.
3, 3761
What are the prime factors of 1010?
2, 5, 101
List the prime factors of 711.
3, 79
List the prime factors of 17957.
17957
List the prime factors of 1948.
2, 487
What are the prime factors of 3124?
2, 11, 71
What are the prime factors of 3041?
3041
What are the prime factors of 1196?
2, 13, 23
What are the prime factors of 5472?
2, 3, 19
List the prime factors of 712.
2, 89
What are the prime factors of 41331?
3, 23, 599
What are the prime factors of 3960?
2, 3, 5, 11
What are the prime factors of 26635?
5, 7, 761
List the prime factors of 1623.
3, 541
What are the prime factors of 82627?
53, 1559
List the prime factors of 1190.
2, 5, 7, 17
List the prime factors of 36605.
5, 7321
What are the prime factors of 4093?
4093
What are the prime factors of 56786?
2, 28393
List the prime factors of 268.
2, 67
What are the prime factors of 177465?
3, 5, 11831
List the prime factors of 1555.
5, 311
What are the prime factors of 2521?
2521
List the prime factors of 3101.
7, 443
What are the prime factors of 77220?
2, 3, 5, 11, 13
What are the prime factors of 577?
577
What are the prime factors of 2791?
2791
What are the prime factors of 41187?
3, 13729
What are the prime factors of 16789?
103, 163
List the prime factors of 211.
211
What are the prime factors of 6456?
2, 3, 269
List the prime factors of 6510.
2, 3, 5, 7, 31
What are the prime factors of 2692?
2, 673
List the prime factors of 10961.
97, 113
What are the prime factors of 17504?
2, 547
List the prime factors of 4720.
2, 5, 59
List the prime factors of 1082.
2, 541
What are the prime factors of 2296?
2, 7, 41
List the prime factors of 18392.
2, 11, 19
List the prime factors of 41783.
7, 47, 127
What are the prime factors of 20204?
2, 5051
List the prime factors of 24992.
2, 11, 71
List the prime factors of 12386.
2, 11, 563
What are the prime factors of 16719?
3, 5573
List the prime factors of 35689.
89, 401
List the prime factors of 429.
3, 11, 13
What are the prime factors of 136?
2, 17
List the prime factors of 5068.
2, 7, 181
What are the prime factors of 4432?
2, 277
List the prime factors of 1255.
5, 251
List the prime factors of 28553.
7, 4079
List the prime factors of 31644.
2, 3, 293
List the prime factors of 55605.
3, 5, 11, 337
What are the prime factors of 42684?
2, 3, 3557
What are the prime factors of 168?
2, 3, 7
What are the prime factors of 1338?
2, 3, 223
List the prime factors of 303.
3, 101
What are the prime factors of 54427?
37, 1471
List the prime factors of 12251.
12251
List the prime factors of 171.
3, 19
What are the prime factors of 9195?
3, 5, 613
What are the prime factors of 102556?
2, 25639
List the prime factors of 6271.
6271
What are the prime factors of 49838?
2, 24919
What are the prime factors of 11670?
2, 3, 5, 389
What are the prime factors of 1334?
2, 23, 29
List the prime factors of 460.
2, 5, 23
List the prime factors of 55810.
2, 5, 5581
List the prime factors of 1382.
2, 691
List the prime factors of 821.
821
List the prime factors of 1909.
23, 83
List the prime factors of 69714.
2, 3, 1291
What are the prime factors of 10212?
2, 3, 23, 37
What are the prime factors of 90430?
2, 5, 9043
What are the prime factors of 394?
2, 197
What are the prime factors of 6032?
2, 13, 29
List the prime factors of 4685.
5, 937
List the prime factors of 38150.
2, 5, 7, 109
What are the prime factors of 9073?
43, 211
List the prime factors of 718.
2, 359
What are the prime factors of 502?
2, 251
List the prime factors of 71325.
3, 5, 317
List the prime factors of 36088.
2, 13, 347
What are the prime factors of 30489?
3, 10163
List the prime factors of 683.
683
List the prime factors of 176055.
3, 5, 11, 97
What are the prime factors of 4209?
3, 23, 61
List the prime factors of 1259.
1259
What are the prime factors of 1208?
2, 151
List the prime factors of 17297.
7, 353
What are the prime factors of 1103?
1103
What are the prime factors of 32056?
2, 4007
List the prime factors of 1335.
3, 5, 89
List the prime factors of 143.
11, 13
List the prime factors of 6477.
3, 17, 127
List the prime factors of 2940.
2, 3, 5, 7
List the prime factors of 78992.
2, 4937
List the prime factors of 1462.
2, 17, 43
What are the prime factors of 1426?
2, 23, 31
What are the prime factors of 864?
2, 3
What are the prime factors of 8378?
2, 59, 71
List the prime factors of 30553.
30553
What are the prime factors of 1028?
2, 257
What are the prime factors of 29355?
3, 5, 19, 103
What are the prime factors of 1195?
5, 239
List the prime factors of 1859.
11, 13
What are the prime factors of 1529?
11, 139
List the prime factors of 15800.
2, 5, 79
List the prime factors of 5197.
5197
List the prime factors of 168.
2, 3, 7
List the prime factors of 14531.
11, 1321
What are the prime factors of 33485?
5, 37, 181
Wha